termine x(r).
14
Let r(f) = 2*f**2 - 2*f - 6. Let x(l) = -l**2 + 34*l + 148. Suppose 2*g = y - 36, -y + 8*g = 4*g - 34. Let q be x(y). Give r(q).
34
Let t(g) = 10756*g - 10709*g - 89 - 202 - 72 - 24. Determine t(8).
-11
Let f(u) = 23*u + 17*u + 10*u - 3 - 42*u - u**2. What is f(6)?
9
Let l(a) = 8*a**2 + 5*a + 3. Let v(t) = 15*t**3 + 74*t**2 + 3*t + 39. Let j be v(-5). What is l(j)?
6
Let y(b) = -6*b + 3. Let d(o) = -o**3 + 22*o**2 + 52*o - 55. Let a be d(24). Suppose -3*z - z + 109 = -3*c, -3*z + 189 = -5*c. Let q = c + a. Determine y(q).
-9
Let r(m) = 2*m - 1. Suppose 10*x - 212 = -312. Calculate r(x).
-21
Let n(f) be the first derivative of -f**4/4 + 2*f**3 + 3*f**2 + f - 1. Suppose 343 = 2*o + o - 4*z, 5*z - 146 = -o. Suppose o*r = 120*r + 7. Give n(r).
-6
Let v(z) = 10 - 50 + 22 - 5*z - 58. Calculate v(-15).
-1
Let k(l) be the second derivative of l**4/12 + 5*l**3/2 + 17*l**2 + 3257*l. Give k(-3).
-2
Let o(f) = f + 3. Let c be o(5). Suppose -2 = -t - h, -7*t = -12*t + 4*h + 10. Let q(g) = -46*g + 54*g + g**t - 7 - 2*g**2. Determine q(c).
-7
Let x(n) = 31*n + n**2 + 4 - 10*n + 1 + 2*n + 3*n**2. What is x(-5)?
-10
Suppose 3*w + 8 = -3*i + 29, 3*w + 15 = 3*i. Suppose 448 = i*k - 14*k. Let q = -62 - k. Let y(o) = o**3 + 6*o**2 + 2*o + 7. Determine y(q).
-5
Let d(i) = 3*i**3 - 2*i**2 - 2. Suppose -11*n - 144 = 7*n. Let w be (-84)/56*n/(-6). Give d(w).
-34
Let r(m) = m**2 - 1. Let j(h) = 128 + 124 - 256 - 2*h**2 + 6*h**2 - 7*h. Let f(i) = -i + 7. Let d be f(8). Let t(g) = d*j(g) + 5*r(g). Give t(-4).
-13
Let b(v) = 65*v - 67. Let x(i) = -46*i + 45. Let q(z) = 5*b(z) + 7*x(z). Determine q(9).
7
Let s(p) = p**2 - 5*p + 9. Let g(b) = b**2 - 3*b + 2. Let z be g(0). Let o(t) = -2*t + 12 + t**2 - 4 - z*t + 2. Let m(k) = -4*o(k) + 5*s(k). What is m(8)?
-3
Let b(j) = -4*j**3 + 35*j**2 - 44*j + 32. Let y(f) = -1 - 242*f**2 - f**3 + 251*f**2 - 11*f + 9. Let u(w) = 2*b(w) - 9*y(w). Determine u(10).
2
Suppose -x + 30 = 2*x. Let j(b) = -b + 19. Let o be j(x). Let z(i) = -i + o - 8 + 9*i. Calculate z(2).
17
Suppose c = -4*y - 1, -50*c - 5 = -2*y - 45*c. Let b(t) be the second derivative of -1/6*t**3 - 7/2*t**2 + y - 12*t. Calculate b(-7).
0
Suppose -5*l = -2*g - 160, -3*g = l - 5*g - 24. Let f = l + -38. Let c(h) be the third derivative of -h**6/120 - h**5/15 + h**3/6 - 19*h**2. Calculate c(f).
1
Let c(t) be the third derivative of t**6/120 + t**5/10 - t**4/8 - 19*t**3/6 + 1161*t**2. Determine c(-6).
-1
Let t(h) = 4*h - 893. Let p(f) = -f + 180. Let q(x) = -5*p(x) - t(x). Suppose -4*l = -1 + 21. What is q(l)?
-12
Let d(k) = -50*k + 964. Let p be d(18). Suppose 61 = o - 0*o. Let c(b) = -o*b - 4 + 126*b + 2*b**2 - p*b - b**2. Give c(-3).
2
Let q = 7 + 0. Let p be (q + -4 - -4)/(-1). Let n(j) = 115 - 62 - j - 61. What is n(p)?
-1
Suppose -350*c = -351*c - 3*a - 18, 4*a = 3*c + 28. Let s(h) = h**2 - 10*h + 9. Let z(q) = 2*q**2 - 9*q + 10. Let k(w) = 3*s(w) - 2*z(w). Give k(c).
7
Let h(d) = -230 + 112 + 3*d - d - 3*d + 117. Calculate h(17).
-18
Let i(p) = -23*p**2 - 15 + 12*p**2 + 22*p**2 - p**3 - 23*p - 2. Calculate i(8).
-9
Let q(g) = 6*g**2 - g + 3. Let m(b) = -1 - 26*b**2 + 41*b**2 + 0 - 17*b**2. Let c(u) = 5*m(u) + 2*q(u). What is c(1)?
1
Let j(v) be the second derivative of 32*v + 0 + 1/24*v**4 - 25/2*v**2 + 1/2*v**3. Let g(y) be the first derivative of j(y). Determine g(-9).
-6
Let g = -9 - -8. Let v be (g/(-2))/(1/(-4)). Let n(k) be the third derivative of k**4/24 + k**3/2 - 2*k**2. Give n(v).
1
Suppose -1632*z + 240 = -1872*z. Let t(w) = 14*w - 20. Let n(m) = -5*m + 7. Let i(k) = 17*n(k) + 6*t(k). Determine i(z).
0
Let v(t) be the third derivative of t**5/5 - t**4/24 - t**3/6 - 117*t**2 - 2*t - 8. Suppose 5*g = -0*g - 5*o, 0 = -5*o + 5. What is v(g)?
12
Suppose -9 - 27 = -4*p. Suppose 1 = -4*f + 3*f + n, 2*n - 10 = -2*f. Let l(g) = -f - 1 + g - 9. Give l(p).
-3
Let z be 4 + -6 + 6 + (-1 - 8). Let k(l) = l**3 - 2*l - 1. Let h(w) = -3*w**3 - 4*w**2 + 13*w + 8. Let r(b) = z*k(b) - h(b). Calculate r(3).
-30
Let k(g) = 9*g - 60. Suppose 158927*o - 158931*o = 0. Determine k(o).
-60
Let l(o) = 7*o - 66. Let g = -17624 + 17632. Give l(g).
-10
Let u = -1009 + 1010. Let q be u*5*(-2)/5. Let r(b) = -2*b**3 - 3*b**2 - 2*b + 1. What is r(q)?
9
Let k(i) be the second derivative of -i**5/20 + 5*i**4/6 - 5*i**3/3 + 4*i**2 + 4423*i. Let g be (-6)/(4/30*-1). Suppose 5*q = -0*q + g. Calculate k(q).
-1
Let x(r) = r**3 + 12*r**2 + 18*r - 19. Let p(k) = -k**3 - 6*k**2 + 35*k + 122. Let o be p(-3). What is x(o)?
1
Let d(q) = -q**2 + 6*q - 4. Let n be d(4). Let i(y) = -2 - 7*y - 110*y + 58*y + 61*y. Determine i(n).
6
Let r(n) be the third derivative of -n**5/120 - n**4/6 + 23*n**3/6 - 121*n**2 - 1. Let h(k) be the first derivative of r(k). Determine h(-3).
-1
Let o(p) = -p**2 + 7*p + 36. Suppose 7 - 16 = -3*k + 24. Calculate o(k).
-8
Let y(d) = d**3 + 17*d**2 - 19*d - 6. Let m(n) = 2*n**3 - 23*n**2 + 46*n - 178. Let o be m(10). What is y(o)?
12
Let i(d) = -25*d - 47. Let l(j) = -7*j - 13. Let f(z) = 5*i(z) - 18*l(z). Suppose -c - 2 = -2*c. Let m be c/6 + (-32)/6. Give f(m).
-6
Let i(s) = 1045*s + 84 - 444*s - 586*s. Calculate i(-6).
-6
Let c(v) = v**3 + v**2 + v - 1. Let w(x) = -5*x**3 - 3*x**2 - 7*x + 4. Let g(a) = 4*a**2 - 20*a + 1. Let l be g(5). Let t(n) = l*w(n) + 4*c(n). Calculate t(3).
-27
Suppose -26*s = -82*s + 112. Let d(p) = p**3 - 2*p**2 + p + 5. Give d(s).
7
Let p(t) be the first derivative of t**6/120 - 11*t**5/60 + t**4/2 - 7*t**3/3 + 32*t**2 - 3. Let k(j) be the second derivative of p(j). Give k(10).
6
Suppose 96*q - 614 + 38 = 0. Let k(z) = 2*z - 7. Let l be k(5). Let o(x) = -l + 4 - 2 + x - 1. Calculate o(q).
4
Suppose 4*g - 16 = -0*g. Suppose 7 = y + 4*c - 2, 2*y - g*c = 6. Let p(i) = -3*i - 1. Let o(a) = 2*a + 1. Let l(x) = -5*o(x) - 4*p(x). Give l(y).
9
Suppose 5*g + 606 - 1586 = 0. Let r = -93 + g. Let n = 104 - r. Let k(p) = 4*p**3 + p - 1. Calculate k(n).
4
Let t(g) = 3*g - 81. Let h = 22192 - 22185. Give t(h).
-60
Let p = -448 - -456. Let d(u) = u**3 - 7*u**2 - 11*u + 8. Calculate d(p).
-16
Let q(u) = 2*u**2 - 8638*u + 2 + 8633*u + 0*u**2. Suppose -4*f - 1 = -17. What is q(f)?
14
Let b be 248/3*45/30. Let w = -128 + b. Let j(k) = -k**2 - 6*k - 3. Calculate j(w).
5
Let k(v) be the third derivative of -v**6/120 - v**5/60 - v**4/24 - 34*v**3/3 + 23*v**2 + 11*v - 1. Determine k(0).
-68
Let h(y) = 2*y**2 - 2*y + 4. Let k(n) = 12*n**2 + 30*n + 56. Let p(q) = -5*h(q) + k(q). Calculate p(-19).
-2
Let w(i) be the third derivative of -8*i**2 + 1/60*i**5 - 1/24*i**4 + 0 - i - 7/6*i**3. Give w(-3).
5
Let r be -15*(-20)/(-25)*-8. Let c(f) = -2*f - r*f**2 - 2 + 2*f + 92*f**2 - f. Suppose 15*k - 11*k = -8. Calculate c(k).
-16
Let j(p) = 4*p**2 - 1281*p**3 + 0*p + 0*p + 1282*p**3 - 11. Let k be j(-4). Let f(n) = 0 - 10*n**2 + 10 - n**3 + 12*n + 0*n**3. Give f(k).
-1
Let t(s) = -27*s + 45 + 18*s + 2*s + 9*s. What is t(-14)?
17
Let q(r) = -r**3 + 14*r**2 + 20. Suppose 7*v - 8*v + 29 = -3*k, -34 = -v + 4*k. Give q(v).
20
Suppose 5*p = 4*w + 123, 4*w = -2*p - 0*p + 66. Suppose 1 + p = -4*n. Let a(t) = -531 + 1590 - 528 - 523 + 3*t. Give a(n).
-13
Let n(q) = -6*q + 306. Let y(f) = 2*f**2 + f - 273. Let h be y(-13). Determine n(h).
-6
Let u(y) be the second derivative of y**4/12 + y**3/6 + y**2/2 + 209*y. Give u(-1).
1
Let t = 22 + -42. Let p be (-125)/t - (-2 - (-9)/4). Suppose 15 = p*g - 11*g. Let a(c) = -c**3 - 3*c**2 + 3*c + 3. Give a(g).
-6
Let d be 0 + -5 + (-438 - -443). Let x(f) be the third derivative of d*f - 1/15*f**5 - 7/6*f**3 - 1/8*f**4 + 1/120*f**6 + 0 + 14*f**2. Determine x(5).
3
Let o(t) = t**2 + t - 3. Let s be o(-3). Suppose 3*y + 27 = -5*w, 0 + s = 3*y. Let m(h) be the first derivative of h**3/3 + 4*h**2 + 9*h - 1. Determine m(w).
-3
Let u(q) be the second derivative of -71*q**4/12 + 7*q**2 + 37*q + 2. Let c(g) = 24*g**2 - 5. Let p(d) = -17*c(d) - 6*u(d). Calculate p(1).
19
Let v = -24 + 16. Let h(r) = r + 32. Let s(f) = 5. Let p(u) = -h(u) + 5*s(u). What is p(v)?
1
Suppose 20 = 2*h + 5*i, 5*h + 35*i - 27 = 34*i. Let l(m) = 3 + 2*m - m**3 + h*m - 7*m + 6*m**2. Give l(6).
3
Let q(l) be the third derivative of -l**6/40 + l**5/30 + l**4/4 + 5*l**3/6 + 3035*l**2. Determine q(-2).
25
Let y(p) = -8*p + 1. Suppose 4*s - 37 = -5*c, -5*s + 0*c = 3*c - 30. Supp